f -2 - (-45022)/12 - (-30)/180?
7
Suppose 1264 = 10*l - 2*l. What is the hundreds digit of l?
1
Let h = 20 + -16. Suppose h*r - 4*q = 91 + 41, -2*r = -q - 63. Suppose -4*a - r = -7*a - m, 0 = -2*a - m + 20. What is the tens digit of a?
1
Suppose -9*n = -j - 7*n + 174, 8 = -4*n. What is the units digit of j?
0
Let f(g) = 4*g**2 - 3*g**2 + 72 - 2 + g**3. What is the units digit of f(0)?
0
What is the hundreds digit of -3 + (-90)/(-35) - 3156/(-14)?
2
Suppose -7 = -5*x + 8. Suppose 33*s = 99 - 0. Suppose -z - c + 43 = -s*c, -5*z = -x*c - 201. What is the tens digit of z?
3
Let y = -622 + 1049. What is the units digit of y?
7
Let y(b) = b**3 + 12*b**2 - 7 - 6*b - 2*b**3 + 18. What is the tens digit of y(11)?
6
Let d be 1*(1 - (4 + -2)). What is the units digit of (d - 2) + 4 + -2 + 70?
9
What is the hundreds digit of (-2 - -1)/((-25130)/(-6286) - 4)?
4
Let z be 2/(-6) + (-9)/(-27). Let g(u) = -u + 7. Let l be g(z). Let y(j) = j**3 - 6*j**2 - 7*j + 7. What is the units digit of y(l)?
7
Suppose -4*x + 4*n + 920 = 0, 0*n - 2*n + 221 = x. What is the units digit of x?
7
Let u(l) = l**3 + 7*l**2 - 3*l + 13. Let y be u(-7). Let t = y - 2. What is the units digit of t?
2
Let y be 4 - -1 - 0/(-3). Suppose 0 = -y*u + 39 - 9. Suppose u*l + 14 = 2*a + l, a - 3*l - 5 = 0. What is the tens digit of a?
1
Suppose 5*p - 3*r + 4*r - 15 = 0, r - 13 = -4*p. Suppose h - 92 = 3*m, -5*h + p*h = -2*m - 304. Let g = h + -35. What is the units digit of g?
9
What is the units digit of (-42)/(-84)*(1 + 1195)?
8
Let i = 220 + -315. Let v = i - -192. What is the units digit of v?
7
Suppose -72*j + 88 = -70*j. What is the tens digit of j?
4
Let x = 7412 - 4690. What is the hundreds digit of x?
7
Let c = 77 - 114. Let i = -48 + c. What is the units digit of 3/(-2) + i/(-10)?
7
Let d = 258 + 130. What is the hundreds digit of d?
3
Let h(y) = -13*y + 96. What is the hundreds digit of h(-15)?
2
Let i = -43 - -29. Let x = i + 29. What is the units digit of x?
5
Let a(w) = w**3 - 9*w**2 + 4*w + 24. What is the hundreds digit of a(10)?
1
Let v(o) = o + 5. Let w be v(15). What is the hundreds digit of ((-104)/(-10))/(2/w)?
1
Let j be (-728)/(-84)*(-129)/(-2). Let b = j + -243. What is the tens digit of b?
1
Let v = -100 + 152. Suppose 0 = -3*i - 3*o + 108, -98 = -5*i + 5*o + v. What is the tens digit of i?
3
Let n(r) = r + 10. Let d be n(-10). Suppose 2*k - 3 - 3 = d. Suppose k*g + 5 = 80. What is the units digit of g?
5
Let g be (-1)/(-7) - 108/(-28). Suppose b = -g*x - 1 + 2, -2*x - 38 = 4*b. What is the units digit of (b - -11) + (7 - 1)?
6
Suppose 0 = 31*r - 6*r - 35525. What is the thousands digit of r?
1
Let c be (-3)/(-5) - 64/(-10). What is the tens digit of -115*(-2 + c)/(-5)?
1
Let q(t) = -t**3 + 2*t**2 + 8*t + 8. Let m be q(5). Let n = 32 + m. What is the units digit of n?
5
Let w(s) = 381*s**2 + 2*s + 1. Let y be w(-2). Suppose -y = -7*b - 240. What is the units digit of b?
3
What is the tens digit of (339/(-3))/((-13)/52)?
5
Suppose 5*y - 499 = -3*l, 412 = 4*y + 13*l - 17*l. What is the tens digit of y?
0
Let a be 1*-3*2/(-3). Suppose f + 2 = a*m, 2*f + 3*m = m + 14. Suppose 0 = 4*y - 2*y - 5*r - 69, 5*y = f*r + 130. What is the tens digit of y?
2
Suppose t + n - 1 = 0, -2*n = -4*t + 17 - 1. Suppose h = a + 23, t*h = 4*a + 35 + 38. What is the units digit of h?
9
What is the hundreds digit of ((-54)/30)/(0 - 12/4120)?
6
Suppose 22 = 4*z + 6. Suppose -z*a + 340 = -0*a. What is the tens digit of a?
8
Let q(l) be the third derivative of -17/6*l**3 + 0*l - 1/4*l**4 + 0 + 8*l**2. What is the tens digit of q(-5)?
1
Let l(k) = k**2 - 258 + 6*k - 2*k - 2*k**3 + 259. Let j be -6 - (9/(-3) - 0). What is the tens digit of l(j)?
5
Let m(q) = -2*q + 4. Let a be m(2). Suppose y = -7*k + 4*k, 4*k - 3*y - 13 = a. What is the units digit of k?
1
Let c(y) = 3*y + 4. Let p be c(-4). Let o be (-2)/p*(0 + 0). What is the tens digit of o - -1 - (0 - 12)?
1
Suppose -13*l + 4*l = -3321. What is the hundreds digit of l?
3
Let n = -32 - -42. What is the units digit of (n/(-6))/((-6)/72)?
0
Suppose -5*f + 6*f - 33 = 0. Let t = f - 46. Let b = 38 + t. What is the units digit of b?
5
Let d(h) = -h**3 - 5*h**2 + 7. Let g be d(-6). Suppose -3*u = 5*r - 282 + g, 4*r - 381 = -5*u. What is the tens digit of u?
7
Let j(m) = m**3 + 4*m**2 - m. Let f be (1/(-2))/((-1)/(-8)). Let w be j(f). Suppose 3*d = -4*a + 37, -4*d + 36 = w*a - 0*d. What is the units digit of a?
0
Let b(j) = -12*j + 3. Let z be b(-5). Let p = -653 + 621. Let y = p + z. What is the units digit of y?
1
Let b(h) = -3*h - 2. Let n be b(-6). Let c be 3*(2 - n/(-6)). What is the tens digit of -2 + (c - -3 - 0)?
1
Suppose -i + 9 = -11. Let a = i - 13. What is the units digit of a?
7
Let h = 8 + 1. Let w = h + -5. Suppose -2*s + 4*s - w = 0. What is the units digit of s?
2
Let w be (-24)/3*5/(-10). Suppose 5*x - 7 = 13, w*h + 5*x = 28. Let y = 2 + h. What is the units digit of y?
4
Let x = -10 - -11. Let r be x*2 - 7/7. Suppose 51 = 2*g + 3*c, c + 0 = r. What is the tens digit of g?
2
Let a = 186 + 112. What is the units digit of a?
8
Let r = 13 - 4. Suppose 0 = 3*o - 5*d - 73, 3*d + r = -3*o + 42. What is the tens digit of o?
1
Let u = -8 - -13. Let n(y) = 4*y + 2*y - 11*y + 7*y - 3. What is the units digit of n(u)?
7
Suppose 103*p = 118*p - 13215. What is the tens digit of p?
8
Let m = 2447 + -1438. What is the units digit of m?
9
Let a(i) = 2*i**2 + 3*i - 1. Let r be a(-3). Suppose -r*j + 1578 = 154. What is the hundreds digit of j?
1
Let u(w) = w**2 - 12*w + 11. Suppose 3*y - 6*y = 45. Let o = y - -27. What is the tens digit of u(o)?
1
Let u = 1450 - -503. What is the thousands digit of u?
1
Suppose 0 = a + 2*i - 40, -3*a - 28*i + 31*i + 75 = 0. Suppose -v = -p - 4*p + 133, -3*p + 3*v = -75. Let l = a - p. What is the units digit of l?
3
Let t = 60 + -63. What is the hundreds digit of (139 - 3)*1 - t*1?
1
Suppose 19 + 229 = 4*b. Let r be -3*b/(-6)*-3. What is the tens digit of (20/(-30))/(2/r)?
3
What is the tens digit of 567006/605 + 1/(-5)?
3
Suppose 3*o = 12, l + 5*o = 2*l - 608. What is the units digit of l?
8
Suppose 11*o - 16*o - 5*i + 12560 = 0, o + 5*i = 2512. What is the tens digit of o?
1
Suppose -3*u + 6 = 0, 4*u - 1331 = r - 4422. What is the units digit of r?
9
Let g(m) = 403*m**2 - 19*m - 19. What is the thousands digit of g(-2)?
1
Let a(z) = 24*z - 396. What is the units digit of a(40)?
4
What is the tens digit of 0 + -3 + -2 - (1 - 2404)?
9
Suppose 3*o + 1284 = 2*x, 4*x - x = 2*o + 1936. What is the hundreds digit of x?
6
Let r = 444 + 220. What is the units digit of r?
4
Let j(m) = -m**2 + 7*m - 1. Let u be j(6). Suppose -3*d = -2*b - 216 + 647, -u*b - d + 1069 = 0. What is the tens digit of b?
1
Suppose 0 = -2*c + 6*c. Suppose c = -2*m + 8*m - 342. What is the tens digit of m?
5
Let p(z) = -17*z + 6. Let w be p(-7). Suppose 3*v - 10 = w. What is the units digit of v?
5
Let n be 0/(3 + -2) + 103. Let b = 2 + -2. Suppose b = -k - 2*t + 18, -5*k - 3*t = -10*k + n. What is the tens digit of k?
2
Suppose 0 = -4*k + 25 - 5. Suppose -5*p + 2*g = -400 + 53, -212 = -3*p + k*g. What is the tens digit of p?
6
Let g = -13 - -15. Suppose 2*h = g*w - 5*w + 170, w + 326 = 4*h. Suppose 66 = 2*k - 3*d + 9, 3*k = d + h. What is the tens digit of k?
2
Suppose -7*y = -10*y + 57. Suppose -9*l - y = -10*l. What is the units digit of l?
9
Let y(z) = z**2 - 2*z + 6. Let f be y(4). Suppose -3*j + f = -31. What is the tens digit of j/((9/(-3))/(-3))?
1
What is the hundreds digit of 4/(11/(171116/16))?
8
Let w(h) = -h + 8. Let r be w(4). Let m be 56/(-1)*r/(-8). What is the units digit of (8/(-14))/((-8)/m)?
2
Suppose 29*m - 542 - 502 = 0. What is the units digit of m?
6
What is the thousands digit of (-6 + 5)*(6 + -1135)?
1
Suppose 4*r + 20 = -0*r, 4*v + r - 7 = 0. Suppose v*m - 25 = 71. What is the units digit of m?
2
Suppose -w = -0*w - 22. Let z be 4*(w/4 + -4). Suppose 15 = z*p - 189. What is the tens digit of p?
3
Suppose -3*q - 2*r + 6254 = 0, -5*r = 5*q - 4*r - 10414. What is the thousands digit of q?
2
Let p(v) = -v**3 + 23*v**2 - 12*v - 39. What is the hundreds digit of p(21)?
5
Let l(r) = -16*r - 31. What is the tens digit of l(-25)?
6
Let f(b) = 3*b**2 - 11*b + 3. Let s be f(11). Suppose -5*j - s = -10*j. What is the tens digit of j?